2/(-14).
3
Let g be -3 + (2 + 0 - -26). Let r be 3 + (-680)/g - 1/(-5). Let z = -22 - r. What are the prime factors of z?
2
What are the prime factors of 16 + 11185/((-7)/(-7))?
23, 487
Let m be (1 - 8) + 4 + (-50)/(-10). Suppose 7*j - 5083 = m*j + 2*u, 3*j - 3057 = 3*u. What are the prime factors of j?
5, 7, 29
Let t be 36/21 - 1/(7/(-2)). Suppose -u = -4*m + 61, -t*u - 17 = -0*m - m. Suppose -19*h + m*h + 360 = 0. List the prime factors of h.
2, 3, 5
Let t = -549 + 155. Let z = t + 1324. List the prime factors of z.
2, 3, 5, 31
Let y = -165 - -188. List the prime factors of 69/y + 110*6.
3, 13, 17
Suppose -2*n + 20708 = -d + 6457, -3 = -d. List the prime factors of n.
7127
Suppose 2*i - 7360 = 4*c, -1703 = -4*i + 10*c + 13025. What are the prime factors of i?
2, 3, 17
Let r = 368 + -364. Suppose -6*n + r*v = -n - 2484, n + v - 495 = 0. What are the prime factors of n?
2, 31
Let y(z) = z**3 - 15*z**2 - 132*z + 765. List the prime factors of y(25).
5, 743
Let w be 11/(-66) + 26/12. Let m(n) = 2*n**2 + 3*n + 8*n**3 + 0*n**3 - 2*n**3 - 5. What are the prime factors of m(w)?
3, 19
Let r(b) = b**3 + 35*b**2 + 28*b - 195. Let f be r(-36). Let y = f + 3710. What are the prime factors of y?
7, 173
Suppose 3*z - 3614 = -5*l, -8*l + 9*l = -3*z + 3610. Let f = z + -204. List the prime factors of f.
3, 37
Let s(m) = 2*m**2 - 14*m + 16. Let b be s(6). Suppose -2*i + 3*o - 26 = -3*i, 5*o + 53 = b*i. Suppose i*y - 12*y = 1140. List the prime factors of y.
2, 3, 19
Let p be 4/10 + (-107364)/60. Let z = 2869 + p. What are the prime factors of z?
2, 3, 5
What are the prime factors of (89/(-2)*2)/(-9 - 6666/(-741))?
13, 19, 89
Let q be (-4 - -7)/3 - -836. Let m = q + -519. List the prime factors of m.
2, 3, 53
List the prime factors of 22 - (-15 + 45) - (-3 + -17693).
2, 3, 11, 67
Suppose -3*f - f + 8 = 0, 8 = -5*o + 4*f. Suppose 5*z - 61 - 74 = 0. What are the prime factors of z + o - 12/6?
5
Let n(h) = -3054*h**3 - 73*h**2 - 150*h - 6. What are the prime factors of n(-2)?
2, 19, 643
Suppose 3*s = -4*p + p + 28065, 0 = 13*p + 5*s - 121591. What are the prime factors of p?
2, 7, 167
Suppose 1422 = -65*n + 59*n. Let i be 169/((0 - 1) + 0). Let a = i - n. List the prime factors of a.
2, 17
Suppose -8272*r + 8245*r = -257040. What are the prime factors of r?
2, 5, 7, 17
Let h be (-1)/(-3) - 388/3. Let c = 167 + h. What are the prime factors of c?
2, 19
Let f = 16334 - 8796. List the prime factors of f.
2, 3769
Let p be 364 - (7 + -14 + 2). Let o = 587 - p. What are the prime factors of o?
2, 109
Suppose 5169 = 3*g + 5*s + 636, g = -5*s + 1501. Suppose 0 = -18*h + 950 + g. What are the prime factors of h?
137
Let d = 42492 - 29829. Suppose -7*i + d = 14*i. What are the prime factors of i?
3, 67
Let i = -77 - -305. Let q(a) = 2*a + 110. Let f be q(-48). Suppose -i = -f*c + 11*c. What are the prime factors of c?
2, 19
Let z be 4 + (0 + -40 - 5). Let k = z - -25. List the prime factors of (2/(-4) - (-8)/k) + 13.
2, 3
Let t = 604 - 459. What are the prime factors of ((-8)/2)/((-10)/t)?
2, 29
What are the prime factors of (6/(-10) - (-185)/(-25)) + 6874?
2, 3433
Suppose 67*b - 71*b = 12. List the prime factors of (b/9)/(((-8)/390)/4).
5, 13
Let k be -1*(2 + 1) + 315*2. Let x = 1122 - k. List the prime factors of x.
3, 5, 11
Let j = 41756 + 9381. What are the prime factors of j?
51137
Let q be 10/(120/(-12)) - (-10)/1. Let g(t) = 20*t**2 - 73*t + 7. List the prime factors of g(q).
2, 5, 97
Let w = -5255 + 11286. What are the prime factors of w?
37, 163
Let u(w) = -w**2 + 27*w - 137. Let s be u(20). Suppose s*t + 5*l = 658, 2*t + 11*l - 464 = 14*l. List the prime factors of t.
2, 113
Suppose -3*g = -2*r + 21820, -5*r = -19*g + 20*g - 54550. List the prime factors of r.
2, 5, 1091
Suppose 4721 = x + 2*w, 2*x - 4*w - 2008 - 7426 = 0. List the prime factors of x.
3, 11, 13
Suppose -31 - 7 = w. Let n = 39 + w. Let a(c) = 15*c**2 - 3*c + 2. What are the prime factors of a(n)?
2, 7
Let l = -91 + 89. List the prime factors of (13/26)/(l/8) + 918.
2, 229
Suppose 10240187 = 269*q + 7220642 - 10914655. What are the prime factors of q?
2, 5, 7, 37
Let u = 3631 - -1091. List the prime factors of (-44)/(-77) - u/(-42).
113
Suppose 0 = 3*b - 9, -2*k - 3*b = 2*b - 47. Let y(z) = 8 + k + 1 - z - 2*z. What are the prime factors of y(-12)?
61
Suppose -11*v + 257 = 169. Let z(h) = 5*h**3 - 15*h**2 - 9*h + 32. List the prime factors of z(v).
2, 3, 5, 13
Let j be -1 + 3 - (-9)/9*4. Suppose -y + f = -1265, f - 2 = -j. What are the prime factors of y?
13, 97
Suppose 75*x - 20*x = 704275. List the prime factors of x.
5, 13, 197
Let b be 10 - 122 - (0 - 4). List the prime factors of 664/(-6)*b/24.
2, 3, 83
Let m = 5248 - 5248. Suppose 6 = 4*t + 3*c - 1, 6 = 3*t + 2*c. Suppose t*w = -m*w + 412. What are the prime factors of w?
103
Let b = 57 - 59. List the prime factors of 99/21 - b/7 - -628.
3, 211
Let l(x) = -x**3 + 6*x**2 - x + 5. Let q be l(6). Suppose 25*k = 28*k - 3. What are the prime factors of (-4)/k - (-74 - (-3)/q)?
73
Let h = 204 - 203. What are the prime factors of 9 + -2 + (-2 - h)?
2
Suppose 0 = -2*x - 3*x - 15. Let q(c) = 3*c**2 + 4*c - 4. Let a be q(x). Suppose -a = -j + 5. What are the prime factors of j?
2
Suppose -15*p + 9594 = 26*p. Suppose -11*n + 13*n - p = 0. What are the prime factors of n?
3, 13
Let f be 4/30 - 87593/(-165). Let d = f + -368. List the prime factors of d.
163
Let d be (7/(441/(-14)))/((-2)/18). Suppose -u = 1, 27*s - 29*s = -d*u - 206. What are the prime factors of s?
2, 3, 17
Suppose -98590 = 75*v - 378340. What are the prime factors of v?
2, 5, 373
Suppose 19*t + 69 = -7. What are the prime factors of 365 - (0 - (1 + -5)/t)?
2, 3, 61
Let u = -3048 + 10642. List the prime factors of u.
2, 3797
Suppose -2*m + 532 = 76. Suppose 15*r - 17*r = -m. What are the prime factors of r?
2, 3, 19
Suppose -96*t + 6812 + 160708 = 0. What are the prime factors of t?
5, 349
Let w(l) = 18*l - 8. Let b = 233 - 224. List the prime factors of w(b).
2, 7, 11
Let v(y) = y**3 + 18*y**2 + 6*y + 25. Let q be v(-15). Let j = q + -279. List the prime factors of j.
331
Let n(d) = -d**3 - 12*d**2 - d + 4179. List the prime factors of n(0).
3, 7, 199
Suppose i - 2*g - 8 = 1, -3*g - 24 = -5*i. Let v = 0 + 2. Suppose 2*q + 108 = 3*q + i*k, 0 = -3*q + v*k + 269. What are the prime factors of q?
3, 31
Let i = 2018 - -19059. List the prime factors of i.
7, 3011
Let v be 11*3*19/(285/(-10)). List the prime factors of 5 - (-122)/v - (-4956)/11.
2, 3, 5
Suppose -2*x - 5*u + 55128 = 0, -58*u = -5*x - 57*u + 137847. What are the prime factors of x?
19, 1451
Suppose 0*j + 5*j + 1315 = 0. Let v = j + 876. What are the prime factors of v?
613
Let i = 9 + 0. Let l be i/((-315)/(-10))*7. Suppose 4*v - 3*k - 497 = 212, -2*v + 358 = l*k. What are the prime factors of v?
2, 89
Let w be ((-8)/(-10))/(50/125). Let l(c) = 100*c**2 - 12*c + 13. List the prime factors of l(w).
389
List the prime factors of (-2)/9 - (-17663)/((-19)/(1140/(-135))).
2, 5, 157
Let f(s) be the third derivative of -s**4/24 + s**3/2 + 14*s**2. Let i be f(9). List the prime factors of (3 - -3)*(-32)/i.
2
Suppose -4*l = -s - 59 - 72, 3*l - 99 = s. Suppose -l - 4 = -u. Suppose -y + 34 = -u. What are the prime factors of y?
2, 5, 7
Let x(p) = -5*p + 31. Let r be x(11). Let d(q) = -2*q**2 - 47*q + 27. Let z be d(r). Suppose -10*g = z*g - 2210. What are the prime factors of g?
2, 5, 17
Suppose 4*p = 5*p - x - 4965, 2*p - 9905 = -3*x. What are the prime factors of p?
2, 5, 31
Suppose -5*v = 4*m + 31, -4*v + 4 = -4*m - 36. What are the prime factors of (-2495)/m - 28/126?
277
Let l be -2 - ((-2)/3 + (-35)/105). What are the prime factors of l + -5 - (-7)/((-49)/(-6524))?
2, 463
Suppose -126*n = o - 123*n - 43949, -2*n - 527350 = -12*o. What are the prime factors of o?
2, 7, 43, 73
Suppose -u = -0*u. Suppose u = -3*i + 3*x - 9279, -5*x + 20 = -5. What are the prime factors of (-2)/(-9) - (-3)/((-108)/i)?
2, 43
Let u = -96 - -452. Let n = u + -166. What are the prime factors of n?
2, 5, 19
Let n = 12982 - 8181. What are the prime factors of n?
4801
Let b(x) = 2738*x**3 + 2*x**2 - 7*x + 4. What are the prime factors of b(1)?
7, 17, 23
Let q be 4*-1*(-27)/(-27). Let w(u) = 61*u**2 - 14*u - 46. What are the prime factors of w(q)?
2, 17, 2